{"id":23,"date":"2024-11-02T18:11:44","date_gmt":"2024-11-02T18:11:44","guid":{"rendered":"https:\/\/frivilligvaerket.dk\/?page_id=23"},"modified":"2025-01-15T22:53:05","modified_gmt":"2025-01-15T22:53:05","slug":"faa-flere-frivillige","status":"publish","type":"page","link":"https:\/\/frivilligvaerket.dk\/index.php\/faa-flere-frivillige\/","title":{"rendered":"F\u00e5 flere frivillige"},"content":{"rendered":"<p><img decoding=\"async\" src=\"\/wp-content\/uploads\/photo-1464998857633-50e59fbf2fe6-scaled.jpg\" alt=\"\"><\/p>\n<div>\n<h3>Mange foreninger vil gerne have flere frivillige. Det er vigtigt at finde de rigtige frivillige til de forskellige opgaver i jeres forening. Frivilligv\u00e6rket kan r\u00e5dgive om, hvordan I bliver synlige og attraktive for nye frivillige.<\/h3>\n<div>\n<p>Mange foreninger finder nye frivillige gennem netv\u00e6rk, og en personlig opfordring kan ofte v\u00e6re effektiv. Derudover kan opslag p\u00e5 foreningens hjemmeside, kampagner p\u00e5 sociale medier og brug af frivilligjob.dk v\u00e6re gode metoder.<\/p>\n<\/div>\n<\/div>\n<div>\n<div>\n<h4>Frivilligv\u00e6rket tilbyder r\u00e5dgivning og sparring om, hvordan I f\u00e5r flere nye frivillige til jeres forening. <br \/>R\u00e5dgivningen kan fx handle om:<\/h4>\n<ul>\n<li>Hvilke opgaver kan frivillige l\u00f8se i jeres forening?<\/li>\n<li>Hvor finder I potentielle frivillige?<\/li>\n<li>Hvordan skriver I et godt opslag om, at I s\u00f8ger frivillige?<\/li>\n<li>Hvad kan I forvente af jeres frivillige, og hvad kan de forvente af jer?<\/li>\n<li>Hvordan sikrer I en god velkomst til de frivillige?<\/li>\n<li>Hvordan g\u00f8r I det attraktivt for de frivillige at blive i foreningen?<\/li>\n<li>Hvordan siger I farvel til jeres frivillige?<\/li>\n<li>Skal I have en frivilligpolitik?<\/li>\n<\/ul>\n<p>Har I brug for r\u00e5dgivning og sparring om, hvordan I kan f\u00e5 flere nye frivillige, er I altid velkomne til at kontakte den daglige leder af Frivilligv\u00e6rket Mette S\u00f8rensen p\u00e5\u00a0<a href=\"mailto:mette@frivilligvaerket.dk\">mette@frivilligvaerket.dk<\/a>\u00a0eller 29 16 19 21.<\/p>\n<\/p>\n<p>Vi kan ogs\u00e5 hj\u00e6lpe med at dele jeres opslag p\u00e5 sociale medier eller i vores nyhedsbrev.<\/p>\n<\/div>\n<\/div>\n<div>\n<h3>Guides om rekruttering af frivillige<\/h3>\n<div>\n<p>Center for Frivilligt Socialt Arbejde har skrevet flere guides og b\u00f8ger om rekruttering af frivillige.<\/p>\n<\/div>\n<\/div>\n<p>\n    <a href=\"https:\/\/frivillighed.dk\/tema\/rekruttering-af-frivillige\">Se materialet her<\/a>\n<\/p>\n<div>\n<h3>Frivilligjob.dk<\/h3>\n<div>\n<p>Frivilligjob.dk er en national portal, hvor foreninger kan sl\u00e5 frivilligjob op, s\u00e5 borgere kan finde det frivilligjob, de er motiverede for.<\/p>\n<p>Det er gratis at sl\u00e5 et frivilligjob op p\u00e5 portalen. Kontakt os, hvis I har brug for hj\u00e6lp til at blive oprettet eller skrive et opslag.<\/p>\n<\/div>\n<\/div>\n<p>\n    <a href=\"https:\/\/frivilligjob.dk\">Bes\u00f8g Frivilligjob.dk<\/a>\n<\/p>\n<p><img decoding=\"async\" src=\"\/wp-content\/uploads\/2025\/01\/Frivilligjob.dk-logo-e1736874416735.png\" alt=\"\"><\/p>\n<p><!--more--><br \/>\n<!-- {\"type\":\"layout\",\"children\":[{\"type\":\"section\",\"props\":{\"image_position\":\"center-center\",\"style\":\"default\",\"title_breakpoint\":\"xl\",\"title_position\":\"top-left\",\"title_rotation\":\"left\",\"vertical_align\":\"middle\",\"width\":\"default\"},\"children\":[{\"type\":\"row\",\"children\":[{\"type\":\"column\",\"props\":{\"image_position\":\"center-center\",\"position_sticky_breakpoint\":\"m\"},\"children\":[{\"type\":\"headline\",\"props\":{\"title_element\":\"h1\"},\"source\":{\"query\":{\"name\":\"pages.singlePage\"},\"props\":{\"content\":{\"filters\":{\"search\":\"\"},\"name\":\"title\"}}}}]}]},{\"type\":\"row\",\"children\":[{\"type\":\"column\",\"props\":{\"image_position\":\"center-center\",\"position_sticky_breakpoint\":\"m\",\"width_medium\":\"1-3\"},\"children\":[{\"type\":\"image\",\"props\":{\"image\":\"wp-content\\\/uploads\\\/photo-1464998857633-50e59fbf2fe6-scaled.jpg\",\"image_svg_color\":\"emphasis\",\"margin\":\"default\"}}]},{\"type\":\"column\",\"props\":{\"image_position\":\"center-center\",\"position_sticky_breakpoint\":\"m\",\"width_medium\":\"2-3\"},\"children\":[{\"type\":\"panel\",\"props\":{\"content\":\"\n\n<p>Mange foreninger finder nye frivillige gennem netv\\u00e6rk, og en personlig opfordring kan ofte v\\u00e6re effektiv. Derudover kan opslag p\\u00e5 foreningens hjemmeside, kampagner p\\u00e5 sociale medier og brug af frivilligjob.dk v\\u00e6re gode metoder.<\\\/p>\",\"content_column_breakpoint\":\"m\",\"icon_width\":80,\"image_align\":\"top\",\"image_grid_breakpoint\":\"m\",\"image_grid_width\":\"1-2\",\"image_svg_color\":\"emphasis\",\"link_style\":\"default\",\"link_text\":\"Read more\",\"margin\":\"default\",\"meta_align\":\"below-title\",\"meta_element\":\"div\",\"meta_style\":\"text-meta\",\"title\":\"Mange foreninger vil gerne have flere frivillige. Det er vigtigt at finde de rigtige frivillige til de forskellige opgaver i jeres forening. Frivilligv\\u00e6rket kan r\\u00e5dgive om, hvordan I bliver synlige og attraktive for nye frivillige.\",\"title_align\":\"top\",\"title_element\":\"h3\",\"title_grid_breakpoint\":\"m\",\"title_grid_width\":\"1-2\",\"title_hover_style\":\"reset\"}}]}],\"props\":{\"layout\":\"1-3,2-3\"}},{\"type\":\"row\",\"children\":[{\"type\":\"column\",\"props\":{\"image_position\":\"center-center\",\"position_sticky_breakpoint\":\"m\"},\"children\":[{\"type\":\"panel\",\"props\":{\"content\":\"\n\n<h4>Frivilligv\\u00e6rket tilbyder r\\u00e5dgivning og sparring om, hvordan I f\\u00e5r flere nye frivillige til jeres forening. <br \\\/>R\\u00e5dgivningen kan fx handle om:<\\\/h4>\\n\n\n<ul>\\n\n\n<li>Hvilke opgaver kan frivillige l\\u00f8se i jeres forening?<\\\/li>\\n\n\n<li>Hvor finder I potentielle frivillige?<\\\/li>\\n\n\n<li>Hvordan skriver I et godt opslag om, at I s\\u00f8ger frivillige?<\\\/li>\\n\n\n<li>Hvad kan I forvente af jeres frivillige, og hvad kan de forvente af jer?<\\\/li>\\n\n\n<li>Hvordan sikrer I en god velkomst til de frivillige?<\\\/li>\\n\n\n<li>Hvordan g\\u00f8r I det attraktivt for de frivillige at blive i foreningen?<\\\/li>\\n\n\n<li>Hvordan siger I farvel til jeres frivillige?<\\\/li>\\n\n\n<li>Skal I have en frivilligpolitik?<\\\/li>\\n<\\\/ul>\\n\n\n<p><\\\/p>\\n\n\n<p>Har I brug for r\\u00e5dgivning og sparring om, hvordan I kan f\\u00e5 flere nye frivillige, er I altid velkomne til at kontakte den daglige leder af Frivilligv\\u00e6rket Mette S\\u00f8rensen p\\u00e5\\u00a0<a href=\\\"mailto:mette@frivilligvaerket.dk\\\">mette@frivilligvaerket.dk<\\\/a>\\u00a0eller 29 16 19 21.<\\\/p>\\n\n\n<p><\\\/p>\\n\n\n<p>Vi kan ogs\\u00e5 hj\\u00e6lpe med at dele jeres opslag p\\u00e5 sociale medier eller i vores nyhedsbrev.<\\\/p>\",\"content_column_breakpoint\":\"m\",\"icon_width\":80,\"image_align\":\"top\",\"image_grid_breakpoint\":\"m\",\"image_grid_width\":\"1-2\",\"image_svg_color\":\"emphasis\",\"link_style\":\"default\",\"link_text\":\"Read more\",\"margin\":\"default\",\"meta_align\":\"below-title\",\"meta_element\":\"div\",\"meta_style\":\"text-meta\",\"title\":\"\",\"title_align\":\"top\",\"title_element\":\"h3\",\"title_grid_breakpoint\":\"m\",\"title_grid_width\":\"1-2\",\"title_hover_style\":\"reset\"}}]}]},{\"type\":\"row\",\"children\":[{\"type\":\"column\",\"props\":{\"image_position\":\"center-center\",\"position_sticky_breakpoint\":\"m\"},\"children\":[{\"type\":\"panel\",\"props\":{\"content\":\"\n\n<p>Center for Frivilligt Socialt Arbejde har skrevet flere guides og b\\u00f8ger om rekruttering af frivillige.<\\\/p>\",\"content_column_breakpoint\":\"m\",\"icon_width\":80,\"image_align\":\"top\",\"image_grid_breakpoint\":\"m\",\"image_grid_width\":\"1-2\",\"image_svg_color\":\"emphasis\",\"link_style\":\"default\",\"link_text\":\"Read more\",\"margin\":\"default\",\"meta_align\":\"below-title\",\"meta_element\":\"div\",\"meta_style\":\"text-meta\",\"title\":\"Guides om rekruttering af frivillige\",\"title_align\":\"top\",\"title_element\":\"h3\",\"title_grid_breakpoint\":\"m\",\"title_grid_width\":\"1-2\",\"title_hover_style\":\"reset\"}},{\"type\":\"button\",\"props\":{\"fullwidth\":false,\"grid_column_gap\":\"small\",\"grid_row_gap\":\"small\",\"margin\":\"default\"},\"children\":[{\"type\":\"button_item\",\"props\":{\"button_style\":\"primary\",\"content\":\"Se materialet her\",\"icon_align\":\"left\",\"link\":\"https:\\\/\\\/frivillighed.dk\\\/tema\\\/rekruttering-af-frivillige\",\"link_target\":\"blank\"}}]}]}]},{\"type\":\"row\",\"children\":[{\"type\":\"column\",\"props\":{\"image_position\":\"center-center\",\"position_sticky_breakpoint\":\"m\"}}]},{\"type\":\"row\",\"props\":{\"layout\":\"2-3,1-3\"},\"children\":[{\"type\":\"column\",\"props\":{\"image_position\":\"center-center\",\"position_sticky_breakpoint\":\"m\",\"width_medium\":\"2-3\"},\"children\":[{\"type\":\"panel\",\"props\":{\"content\":\"\n\n<p>Frivilligjob.dk er en national portal, hvor foreninger kan sl\\u00e5 frivilligjob op, s\\u00e5 borgere kan finde det frivilligjob, de er motiverede for.<\\\/p>\\n\n\n<p>Det er gratis at sl\\u00e5 et frivilligjob op p\\u00e5 portalen. Kontakt os, hvis I har brug for hj\\u00e6lp til at blive oprettet eller skrive et opslag.<\\\/p>\",\"content_column_breakpoint\":\"m\",\"icon_width\":80,\"image_align\":\"top\",\"image_grid_breakpoint\":\"m\",\"image_grid_width\":\"1-2\",\"image_svg_color\":\"emphasis\",\"link_style\":\"default\",\"link_text\":\"Read more\",\"margin\":\"default\",\"meta_align\":\"below-title\",\"meta_element\":\"div\",\"meta_style\":\"text-meta\",\"title\":\"Frivilligjob.dk\",\"title_align\":\"top\",\"title_element\":\"h3\",\"title_grid_breakpoint\":\"m\",\"title_grid_width\":\"1-2\",\"title_hover_style\":\"reset\"}},{\"type\":\"button\",\"props\":{\"fullwidth\":false,\"grid_column_gap\":\"small\",\"grid_row_gap\":\"small\",\"margin\":\"default\"},\"children\":[{\"type\":\"button_item\",\"props\":{\"button_style\":\"primary\",\"content\":\"Bes\\u00f8g Frivilligjob.dk\",\"icon_align\":\"left\",\"link\":\"https:\\\/\\\/frivilligjob.dk\",\"link_target\":\"blank\"}}]}]},{\"type\":\"column\",\"props\":{\"image_position\":\"center-center\",\"position_sticky_breakpoint\":\"m\",\"width_medium\":\"1-3\"},\"children\":[{\"type\":\"image\",\"props\":{\"image\":\"wp-content\\\/uploads\\\/2025\\\/01\\\/Frivilligjob.dk-logo-e1736874416735.png\",\"image_svg_color\":\"emphasis\",\"margin\":\"default\"}}]}]}]},{\"type\":\"section\",\"props\":{\"image_position\":\"center-center\",\"style\":\"default\",\"title_breakpoint\":\"xl\",\"title_position\":\"top-left\",\"title_rotation\":\"left\",\"vertical_align\":\"middle\",\"width\":\"default\"},\"children\":[{\"type\":\"row\",\"children\":[{\"type\":\"column\",\"props\":{\"image_position\":\"center-center\",\"position_sticky_breakpoint\":\"m\"}}]}]}],\"version\":\"4.4.20\"} --><\/p>\n","protected":false},"excerpt":{"rendered":"<p>Mange foreninger vil gerne have flere frivillige. Det er vigtigt at finde de rigtige frivillige til de forskellige opgaver i jeres forening. Frivilligv\u00e6rket kan r\u00e5dgive om, hvordan I bliver synlige og attraktive for nye frivillige. Mange foreninger finder nye frivillige gennem netv\u00e6rk, og en personlig opfordring kan ofte v\u00e6re effektiv. Derudover kan opslag p\u00e5 foreningens [&hellip;]<\/p>\n","protected":false},"author":1,"featured_media":0,"parent":0,"menu_order":0,"comment_status":"closed","ping_status":"closed","template":"","meta":{"footnotes":""},"class_list":["post-23","page","type-page","status-publish","hentry"],"_links":{"self":[{"href":"https:\/\/frivilligvaerket.dk\/index.php\/wp-json\/wp\/v2\/pages\/23","targetHints":{"allow":["GET"]}}],"collection":[{"href":"https:\/\/frivilligvaerket.dk\/index.php\/wp-json\/wp\/v2\/pages"}],"about":[{"href":"https:\/\/frivilligvaerket.dk\/index.php\/wp-json\/wp\/v2\/types\/page"}],"author":[{"embeddable":true,"href":"https:\/\/frivilligvaerket.dk\/index.php\/wp-json\/wp\/v2\/users\/1"}],"replies":[{"embeddable":true,"href":"https:\/\/frivilligvaerket.dk\/index.php\/wp-json\/wp\/v2\/comments?post=23"}],"version-history":[{"count":21,"href":"https:\/\/frivilligvaerket.dk\/index.php\/wp-json\/wp\/v2\/pages\/23\/revisions"}],"predecessor-version":[{"id":547,"href":"https:\/\/frivilligvaerket.dk\/index.php\/wp-json\/wp\/v2\/pages\/23\/revisions\/547"}],"wp:attachment":[{"href":"https:\/\/frivilligvaerket.dk\/index.php\/wp-json\/wp\/v2\/media?parent=23"}],"curies":[{"name":"wp","href":"https:\/\/api.w.org\/{rel}","templated":true}]}}