{"id":43,"date":"2024-11-02T18:13:30","date_gmt":"2024-11-02T18:13:30","guid":{"rendered":"https:\/\/frivilligvaerket.dk\/?page_id=43"},"modified":"2025-05-15T09:20:48","modified_gmt":"2025-05-15T09:20:48","slug":"kontakt","status":"publish","type":"page","link":"https:\/\/frivilligvaerket.dk\/index.php\/kontakt\/","title":{"rendered":"Kontakt"},"content":{"rendered":"<div>\n<h3>Daglig leder<\/h3>\n<div>\n<p>Du er altid velkommen til at kontakte lederen af Frivilligv\u00e6rket Mette S\u00f8rensen p\u00e5 <a href=\"mailto:mette@frivilligvaerket.dk\">mette@frivilligvaerket.dk<\/a>\u00a0eller telefon 29 16 19 21.<\/p>\n<\/div>\n<\/div>\n<div>\n<h3>Bestyrelse<\/h3>\n<div>\n<p>Frivilligv\u00e6rket er organiseret med en bestyrelse. Du kan skrive til vores formand Leif Fris Petersen p\u00e5 <a href=\"mailto:leiffp@hotmail.com\">mail<\/a><\/p>\n<\/div>\n<\/div>\n<div>\n<h3>Lokaler<\/h3>\n<div>\n<p>Frivilligv\u00e6rket har lokaler midt i Randers:<\/p>\n<p>Frivilligv\u00e6rket Randers<br \/>Slotscentret<br \/>Slotsgade 4<br \/>8900 Randers C<\/p>\n<div class=\"uk-panel uk-margin-remove-first-child uk-margin\" data-id=\"page#0-2-0-1\" data-element=\"\">\n<div class=\"el-content uk-panel uk-margin-top\">\n<p>Vi bor i stueplan i Slotscentret i det sidste lokale p\u00e5 h\u00f8jre h\u00e5nd &#8211; l\u00e6ngst v\u00e6k fra Neye butikken og No. 17.\u00a0<\/p>\n<\/div>\n<\/div>\n<\/div>\n<\/div>\n<div>\n<h3>Frivilligcentre i andre byer<\/h3>\n<div>\n<p>Frivilligv\u00e6rket er frivilligcentret i Randers Kommune. Bor du et andet sted i landet, kan du finde dit lokale frivilligcenter her<\/p>\n<\/div>\n<\/div>\n<p><p>\n        <a href=\"https:\/\/frise.dk\/findfaellesskab\/\">Find dit lokale frivilligcenter<\/a>\n    <\/p>\n<\/p>\n<p><!--more--><br \/>\n<!-- {\"type\":\"layout\",\"children\":[{\"type\":\"section\",\"props\":{\"image_position\":\"center-center\",\"style\":\"default\",\"title_breakpoint\":\"xl\",\"title_position\":\"top-left\",\"title_rotation\":\"left\",\"vertical_align\":\"middle\",\"width\":\"default\"},\"children\":[{\"type\":\"row\",\"children\":[{\"type\":\"column\",\"props\":{\"image_position\":\"center-center\",\"position_sticky_breakpoint\":\"m\"},\"children\":[{\"type\":\"headline\",\"props\":{\"title_element\":\"h1\"},\"source\":{\"query\":{\"name\":\"pages.singlePage\"},\"props\":{\"content\":{\"filters\":{\"search\":\"\"},\"name\":\"title\"}}}}]}]},{\"type\":\"row\",\"props\":{\"layout\":\"1-2,1-2\"},\"children\":[{\"type\":\"column\",\"props\":{\"image_position\":\"center-center\",\"position_sticky_breakpoint\":\"m\",\"width_medium\":\"1-2\"},\"children\":[{\"type\":\"panel\",\"props\":{\"content\":\"\n\n<p>Du er altid velkommen til at kontakte lederen af Frivilligv\\u00e6rket Mette S\\u00f8rensen p\\u00e5 <a href=\\\"mailto:mette@frivilligvaerket.dk\\\">mette@frivilligvaerket.dk<\\\/a>\\u00a0eller telefon 29 16 19 21.<\\\/p>\",\"content_column_breakpoint\":\"m\",\"icon_width\":80,\"image_align\":\"top\",\"image_grid_breakpoint\":\"m\",\"image_grid_width\":\"1-2\",\"image_svg_color\":\"emphasis\",\"link_style\":\"default\",\"link_text\":\"Read more\",\"margin\":\"default\",\"meta_align\":\"below-title\",\"meta_element\":\"div\",\"meta_style\":\"text-meta\",\"title\":\"Daglig leder\",\"title_align\":\"top\",\"title_element\":\"h3\",\"title_grid_breakpoint\":\"m\",\"title_grid_width\":\"1-2\",\"title_hover_style\":\"reset\"}}]},{\"type\":\"column\",\"props\":{\"image_position\":\"center-center\",\"position_sticky_breakpoint\":\"m\",\"width_medium\":\"1-2\"},\"children\":[{\"type\":\"panel\",\"props\":{\"content\":\"\n\n<p>Frivilligv\\u00e6rket er organiseret med en bestyrelse. Du kan skrive til vores formand Leif Fris Petersen p\\u00e5 <a href=\\\"mailto:leiffp@hotmail.com\\\">mail<\\\/a><\\\/p>\",\"content_column_breakpoint\":\"m\",\"icon_width\":80,\"image_align\":\"top\",\"image_grid_breakpoint\":\"m\",\"image_grid_width\":\"1-2\",\"image_svg_color\":\"emphasis\",\"link_style\":\"default\",\"link_text\":\"Read more\",\"margin\":\"default\",\"meta_align\":\"below-title\",\"meta_element\":\"div\",\"meta_style\":\"text-meta\",\"title\":\"Bestyrelse\",\"title_align\":\"top\",\"title_element\":\"h3\",\"title_grid_breakpoint\":\"m\",\"title_grid_width\":\"1-2\",\"title_hover_style\":\"reset\"}}]}]},{\"type\":\"row\",\"children\":[{\"type\":\"column\",\"props\":{\"image_position\":\"center-center\",\"position_sticky_breakpoint\":\"m\"},\"children\":[{\"type\":\"panel\",\"props\":{\"content\":\"\n\n<p>Frivilligv\\u00e6rket har lokaler midt i Randers:<\\\/p>\\n\n\n<p>Frivilligv\\u00e6rket Randers<br \\\/>Slotscentret<br \\\/>Slotsgade 4<br \\\/>8900 Randers C<\\\/p>\\n\n\n<div class=\\\"uk-panel uk-margin-remove-first-child uk-margin\\\" data-id=\\\"page#0-2-0-1\\\" data-element=\\\"\\\">\\n\n\n<div class=\\\"el-content uk-panel uk-margin-top\\\">\\n\n\n<p>Vi bor i stueplan i Slotscentret i det sidste lokale p\\u00e5 h\\u00f8jre h\\u00e5nd - l\\u00e6ngst v\\u00e6k fra Neye butikken og No. 17.\\u00a0<\\\/p>\\n<\\\/div>\\n<\\\/div>\",\"content_column_breakpoint\":\"m\",\"icon_width\":80,\"image_align\":\"top\",\"image_grid_breakpoint\":\"m\",\"image_grid_width\":\"1-2\",\"image_svg_color\":\"emphasis\",\"link_style\":\"default\",\"link_text\":\"Read more\",\"margin\":\"default\",\"meta_align\":\"below-title\",\"meta_element\":\"div\",\"meta_style\":\"text-meta\",\"title\":\"Lokaler\",\"title_align\":\"top\",\"title_element\":\"h3\",\"title_grid_breakpoint\":\"m\",\"title_grid_width\":\"1-2\",\"title_hover_style\":\"reset\"}}]}]},{\"type\":\"row\",\"props\":{\"layout\":\"2-3,1-3\"},\"children\":[{\"type\":\"column\",\"props\":{\"image_position\":\"center-center\",\"position_sticky_breakpoint\":\"m\",\"width_medium\":\"2-3\"},\"children\":[{\"type\":\"panel\",\"props\":{\"content\":\"\n\n<p>Frivilligv\\u00e6rket er frivilligcentret i Randers Kommune. Bor du et andet sted i landet, kan du finde dit lokale frivilligcenter her<\\\/p>\",\"content_column_breakpoint\":\"m\",\"icon_width\":80,\"image_align\":\"top\",\"image_grid_breakpoint\":\"m\",\"image_grid_width\":\"1-2\",\"image_svg_color\":\"emphasis\",\"link_style\":\"default\",\"link_text\":\"Read more\",\"margin\":\"default\",\"meta_align\":\"below-title\",\"meta_element\":\"div\",\"meta_style\":\"text-meta\",\"title\":\"Frivilligcentre i andre byer\",\"title_align\":\"top\",\"title_element\":\"h3\",\"title_grid_breakpoint\":\"m\",\"title_grid_width\":\"1-2\",\"title_hover_style\":\"reset\"}},{\"type\":\"button\",\"props\":{\"fullwidth\":false,\"grid_column_gap\":\"small\",\"grid_row_gap\":\"small\",\"margin\":\"default\"},\"children\":[{\"type\":\"button_item\",\"props\":{\"button_style\":\"primary\",\"content\":\"Find dit lokale frivilligcenter\",\"dialog_layout\":\"modal\",\"dialog_offcanvas_flip\":true,\"icon_align\":\"left\",\"link\":\"https:\\\/\\\/frise.dk\\\/findfaellesskab\\\/\",\"link_target\":\"blank\"}}]}]},{\"type\":\"column\",\"props\":{\"image_position\":\"center-center\",\"position_sticky_breakpoint\":\"m\",\"width_medium\":\"1-3\"}}]}]}],\"version\":\"4.5.10\"} --><\/p>\n","protected":false},"excerpt":{"rendered":"<p>Daglig leder Du er altid velkommen til at kontakte lederen af Frivilligv\u00e6rket Mette S\u00f8rensen p\u00e5 mette@frivilligvaerket.dk\u00a0eller telefon 29 16 19 21. Bestyrelse Frivilligv\u00e6rket er organiseret med en bestyrelse. Du kan skrive til vores formand Leif Fris Petersen p\u00e5 mail Lokaler Frivilligv\u00e6rket har lokaler midt i Randers: Frivilligv\u00e6rket RandersSlotscentretSlotsgade 48900 Randers C Vi bor i stueplan [&hellip;]<\/p>\n","protected":false},"author":1,"featured_media":0,"parent":0,"menu_order":0,"comment_status":"closed","ping_status":"closed","template":"","meta":{"footnotes":""},"class_list":["post-43","page","type-page","status-publish","hentry"],"_links":{"self":[{"href":"https:\/\/frivilligvaerket.dk\/index.php\/wp-json\/wp\/v2\/pages\/43","targetHints":{"allow":["GET"]}}],"collection":[{"href":"https:\/\/frivilligvaerket.dk\/index.php\/wp-json\/wp\/v2\/pages"}],"about":[{"href":"https:\/\/frivilligvaerket.dk\/index.php\/wp-json\/wp\/v2\/types\/page"}],"author":[{"embeddable":true,"href":"https:\/\/frivilligvaerket.dk\/index.php\/wp-json\/wp\/v2\/users\/1"}],"replies":[{"embeddable":true,"href":"https:\/\/frivilligvaerket.dk\/index.php\/wp-json\/wp\/v2\/comments?post=43"}],"version-history":[{"count":24,"href":"https:\/\/frivilligvaerket.dk\/index.php\/wp-json\/wp\/v2\/pages\/43\/revisions"}],"predecessor-version":[{"id":748,"href":"https:\/\/frivilligvaerket.dk\/index.php\/wp-json\/wp\/v2\/pages\/43\/revisions\/748"}],"wp:attachment":[{"href":"https:\/\/frivilligvaerket.dk\/index.php\/wp-json\/wp\/v2\/media?parent=43"}],"curies":[{"name":"wp","href":"https:\/\/api.w.org\/{rel}","templated":true}]}}