{"id":514,"date":"2025-01-15T11:04:03","date_gmt":"2025-01-15T11:04:03","guid":{"rendered":"https:\/\/frivilligvaerket.dk\/?page_id=514"},"modified":"2025-04-14T10:50:58","modified_gmt":"2025-04-14T10:50:58","slug":"vedtaegter","status":"publish","type":"page","link":"https:\/\/frivilligvaerket.dk\/index.php\/vedtaegter\/","title":{"rendered":"Vedt\u00e6gter"},"content":{"rendered":"<div>\n<h3>Vedt\u00e6gter<\/h3>\n<div>\n<h4>Foreningen Frivilligv\u00e6rket Randers er stiftet den 15. november 2010. Frivilligv\u00e6rkets vedt\u00e6gterne er senest opdateret p\u00e5 generalforsamlingen den 9. april 2025.<\/h4>\n<\/p>\n<h4>\u00a7 1. Navn og hjemsted<\/h4>\n<p>Foreningens navn er Frivilligv\u00e6rket Randers. Foreningens hjemsted er Randers Kommune.<\/p>\n<\/p>\n<h4>\u00a7 2. Form\u00e5l<\/h4>\n<p>Frivilligv\u00e6rket er en forening, som har til form\u00e5l at udvikle, st\u00f8tte, r\u00e5dgive og synligg\u00f8re det frivillige sociale arbejde og frivilligheden generelt i Randers Kommune. Dette g\u00f8res bl.a. gennem:<\/p>\n<ul>\n<li>\u00a0Foreningsservice og konsulentfunktioner i forhold til foreningsarbejde<\/li>\n<li>\u00a0Formidling af kontakt mellem borgere og frivillige sociale foreninger<\/li>\n<li>\u00a0Opstart af nye projekter og foreninger<\/li>\n<li>\u00a0Vidensbank over frivillige foreninger i lokalomr\u00e5det<\/li>\n<li>\u00a0Synlighed, netv\u00e6rk og samarbejde<\/li>\n<li>\u00a0At bist\u00e5 og vejlede foreninger i ans\u00f8gningsfasen i forbindelse med \u00a718 ans\u00f8gninger til Randers Kommune<\/li>\n<\/ul>\n<p>Herudover deltager Frivilligv\u00e6rket i den lokale socialpolitiske debat og arbejder for at sikre de mest optimale rammer for det frivillige arbejde. Frivilligv\u00e6rket er uafh\u00e6ngigt af politiske og religi\u00f8se interesser, og er ambassad\u00f8r og st\u00f8tte for alle akt\u00f8rer indenfor det frivillige omr\u00e5de: foreninger, borgere, offentlige og private virksomheder.<\/p>\n<\/p>\n<h4>\u00a7 3. Medlemmer og kontingent<\/h4>\n<p>Som medlemmer kan optages foreninger og organisationer, projekter, klubber, formelle og uformelle netv\u00e6rk, privatpersoner og private virksomheder, som tilslutter sig Frivilligv\u00e6rkets form\u00e5l og virke.<\/p>\n<p>For at blive medlem skal foreninger, organisationer, projekter, klubber, netv\u00e6rk, privatpersoner og private virksomheder have aktiviteter i Randers Kommune, og det frivillige engagement skal v\u00e6re et v\u00e6sentligt omdrejningspunkt.<\/p>\n<p>I tvivlssp\u00f8rgsm\u00e5l vil den endelige afg\u00f8relse om medlemskab ligge i bestyrelsen for Frivilligv\u00e6rket. Ved indmeldelse skal medlemmet udfylde og underskrive en indmeldelsesblanket. Herefter betales kontingent, hvis et s\u00e5dant er fastsat. Kontingent for medlemskab fasts\u00e6ttes p\u00e5 den \u00e5rlige generalforsamling.<\/p>\n<\/p>\n<h4>\u00a7 4. Generalforsamling<\/h4>\n<p>Foreningens \u00f8verste myndighed er generalforsamlingen. Repr\u00e6sentanter for alle foreninger, organisationer, projekter, klubber, formelle og uformelle netv\u00e6rk og private virksomheder samt privatpersoner, der er medlem af Frivilligv\u00e6rket, kan deltage i generalforsamlingen.<\/p>\n<p>P\u00e5 generalforsamling v\u00e6lges en bestyrelse p\u00e5 5-8 personer. Der kan maksimalt v\u00e6lges to personer fra samme forening til Frivilligv\u00e6rkets bestyrelse. Det tilstr\u00e6bes, at bestyrelsen er s\u00e5 bredt sammensat som muligt. Det tilstr\u00e6bes derfor, at der h\u00f8jest er to repr\u00e6sentanter fra foreninger fra hvert omr\u00e5de som fx <br \/>social-, \u00e6ldre-, patient-, handicap-, idr\u00e6ts- og kulturomr\u00e5det. Privatpersoner, der er medlem af Frivilligv\u00e6rket Randers, kan ogs\u00e5 v\u00e6lges ind i bestyrelsen. \u00a0<\/p>\n<p><span style=\"text-decoration: line-through;\"><\/span>Medlemmer af bestyrelsen v\u00e6lges for to \u00e5r ad gangen dog s\u00e5ledes, at 4 er p\u00e5 valg i ulige \u00e5r og 4 i lige \u00e5r.<br \/>Der v\u00e6lges herudover to bestyrelsessuppleanter for et \u00e5r ad gangen. Hvis der bliver fire eller f\u00e6rre bestyrelsesmedlemmer, indkaldes til en ekstraordin\u00e6r generalforsamling med det form\u00e5l at v\u00e6lge en ny bestyrelse.<\/p>\n<p>Ordin\u00e6r generalforsamling afholdes \u00e5rligt inden udgangen af april m\u00e5ned. Generalforsamlingen indkaldes med mindst 4 ugers varsel p\u00e5 mail indeholdende dagsorden. Bestyrelsen indkalder til og fasts\u00e6tter dagsorden for generalforsamling.<\/p>\n<p>Dagsorden for den ordin\u00e6re generalforsamling skal mindst indeholde f\u00f8lgende punkter:<\/p>\n<ol>\n<li>Valg af dirigent, referent og stemmet\u00e6llere<\/li>\n<li>Godkendelse af fremm\u00f8dte repr\u00e6sentanter<\/li>\n<li>Beretning fra bestyrelse og daglig leder<\/li>\n<li>Godkendelse af Frivilligv\u00e6rkets \u00e5rsregnskab<\/li>\n<li>Freml\u00e6ggelse af budget for det kommende \u00e5r<\/li>\n<li>Behandling af indkomne forslag<\/li>\n<li>Fasts\u00e6ttelse af kontingent<\/li>\n<li>Valg af repr\u00e6sentanter til bestyrelsen<\/li>\n<li>Valg af to suppleanter<\/li>\n<li>Valg af revisor<\/li>\n<li>Nye tiltag og ideer<\/li>\n<li>Eventuelt<\/li>\n<\/ol>\n<p>Indkomne forslag skal indsendes til bestyrelsen senest 10 dage f\u00f8r generalforsamling.<\/p>\n<p>Generalforsamlingen tr\u00e6ffer sine beslutninger ved simpelt stemmeflertal med mindre andet er bestemt i vedt\u00e6gterne. Vedt\u00e6gts\u00e6ndringer kr\u00e6ver stemmeflertal p\u00e5 2\/3 af de fremm\u00f8dte foreningsrepr\u00e6sentanter. Der kan ikke stemmes ved fuldmagt.<\/p>\n<p>Kandidater til de ledige bestyrelsespladser opstilles sideordnet p\u00e5 generalforsamlingen og v\u00e6lges efter h\u00f8jeste stemmetal. Ved stemmelighed foretages omvalg.<\/p>\n<\/p>\n<h4>\u00a7 5. Ekstraordin\u00e6r generalforsamling<\/h4>\n<p>Ekstraordin\u00e6r generalforsamling kan indkaldes, n\u00e5r flertallet af bestyrelsen finder det p\u00e5kr\u00e6vet, eller n\u00e5r mindst 1\/3 af foreningens medlemmer \u00f8nsker det og stiller skriftligt krav derom med dagsorden. Ekstraordin\u00e6r generalforsamling afholdes h\u00f8jst 6 uger efter beg\u00e6ringen er fremsat og skal varsles som ordin\u00e6r generalforsamling.<\/p>\n<\/p>\n<h4>\u00a7 6. Bestyrelsen<\/h4>\n<p>Bestyrelsen har det overordnede ansvar for Frivilligv\u00e6rkets virke. Bestyrelsen konstituerer sig selv. Bestyrelsen tegnes af forpersonen, n\u00e6stforpersonen eller daglig leder. Frivilligv\u00e6rkets daglige leder fungerer som sekret\u00e6r for bestyrelsen og deltager i bestyrelsesm\u00f8derne uden stemmeret. Eventuelt \u00f8vrige ansatte kan deltage i bestyrelsesm\u00f8derne under relevante punkter.<\/p>\n<p>Der afholdes minimum 4 m\u00f8der om \u00e5ret.<\/p>\n<p>Bestyrelsen kan v\u00e6lge at neds\u00e6tte et forretningsudvalg, der f.eks. best\u00e5r af forpersonen, n\u00e6stforpersonen og den daglige leder af Frivilligv\u00e6rket til at varetage den daglige drift imellem bestyrelsesm\u00f8der. Bestyrelsen fasts\u00e6tter egen forretningsorden. Bestyrelsen er beslutningsdygtig, n\u00e5r mindst halvdelen af bestyrelsesmedlemmerne er til stede p\u00e5 bestyrelsesm\u00f8derne, dog skal forpersonen eller n\u00e6stforpersonen v\u00e6re i blandt. Ved stemmelighed t\u00e6ller forpersonens eller den fungerende forpersons stemme dobbelt. Der kan ikke stemmes ved fuldmagt.<\/p>\n<\/p>\n<h4>\u00a7 7. Daglig ledelse og udf\u00f8relse af opgaver<\/h4>\n<p>Den daglige ledelse af Frivilligv\u00e6rket varetages af den ansatte leder med ansvar overfor bestyrelsen. De daglige opgaver i Frivilligv\u00e6rket varetages af de ansatte.<\/p>\n<\/p>\n<h4>\u00a7 8. \u00d8konomi<\/h4>\n<p>Driften af Frivilligv\u00e6rket s\u00f8ges finansieret af Randers Kommune samt af Socialministeriets pulje til grundfinansiering af frivilligcentre.<\/p>\n<p>Derudover s\u00f8ges der l\u00f8bende om midler fra fonde og puljer \u2013 s\u00e5vel private som offentlige.<\/p>\n<p>Bestyrelsen er ansvarlig for, at de \u00f8konomiske midler, som den har ansvar for, anvendes i overensstemmelse med g\u00e6ldende regler og vejledninger. Bestyrelsen afl\u00e6gger regnskab til foreningens medlemmer en gang \u00e5rligt til generalforsamlingen. Bestyrelsen h\u00e6fter ikke personligt for foreningens eventuelle g\u00e6ld.<\/p>\n<p>Foreningens regnskabs\u00e5r er kalender\u00e5ret. Frivilligv\u00e6rkets \u00e5rsregnskab skal forsynes med en erkl\u00e6ring fra en godkendt revisor om opstilling af finansielle oplysninger.<\/p>\n<\/p>\n<h4>\u00a7 9. Opl\u00f8sning<\/h4>\n<p>Organisationen kan kun opl\u00f8ses, n\u00e5r 2\/3 af de deltagende foreningsrepr\u00e6sentanter p\u00e5 to p\u00e5 hinanden f\u00f8lgende ekstraordin\u00e6re generalforsamlinger stemmer herfor.<\/p>\n<p>Organisationens eventuelle overskud skal g\u00e5 til projekter, der ligger op ad organisationens form\u00e5l, efter generalforsamlingens beslutning, eller tilbagebetales til bevillingsgivere, hvis det er n\u00e6vnt i bevillingsskrivelse.<\/p>\n<\/p>\n<\/div>\n<\/div>\n<p><!--more--><br \/>\n<!-- {\"type\":\"layout\",\"children\":[{\"type\":\"section\",\"props\":{\"image_position\":\"center-center\",\"style\":\"default\",\"title_breakpoint\":\"xl\",\"title_position\":\"top-left\",\"title_rotation\":\"left\",\"vertical_align\":\"middle\",\"width\":\"default\"},\"children\":[{\"type\":\"row\",\"children\":[{\"type\":\"column\",\"props\":{\"image_position\":\"center-center\",\"position_sticky_breakpoint\":\"m\"},\"children\":[{\"type\":\"panel\",\"props\":{\"content\":\"\n\n<h4>Foreningen Frivilligv\\u00e6rket Randers er stiftet den 15. november 2010. Frivilligv\\u00e6rkets vedt\\u00e6gterne er senest opdateret p\\u00e5 generalforsamlingen den 9. april 2025.<\\\/h4>\\n\n\n<p><\\\/p>\\n\n\n<h4>\\u00a7 1. Navn og hjemsted<\\\/h4>\\n\n\n<p>Foreningens navn er Frivilligv\\u00e6rket Randers. Foreningens hjemsted er Randers Kommune.<\\\/p>\\n\n\n<p><\\\/p>\\n\n\n<h4>\\u00a7 2. Form\\u00e5l<\\\/h4>\\n\n\n<p>Frivilligv\\u00e6rket er en forening, som har til form\\u00e5l at udvikle, st\\u00f8tte, r\\u00e5dgive og synligg\\u00f8re det frivillige sociale arbejde og frivilligheden generelt i Randers Kommune. Dette g\\u00f8res bl.a. gennem:<\\\/p>\\n\n\n<ul>\\n\n\n<li>\\u00a0Foreningsservice og konsulentfunktioner i forhold til foreningsarbejde<\\\/li>\\n\n\n<li>\\u00a0Formidling af kontakt mellem borgere og frivillige sociale foreninger<\\\/li>\\n\n\n<li>\\u00a0Opstart af nye projekter og foreninger<\\\/li>\\n\n\n<li>\\u00a0Vidensbank over frivillige foreninger i lokalomr\\u00e5det<\\\/li>\\n\n\n<li>\\u00a0Synlighed, netv\\u00e6rk og samarbejde<\\\/li>\\n\n\n<li>\\u00a0At bist\\u00e5 og vejlede foreninger i ans\\u00f8gningsfasen i forbindelse med \\u00a718 ans\\u00f8gninger til Randers Kommune<\\\/li>\\n<\\\/ul>\\n\n\n<p>Herudover deltager Frivilligv\\u00e6rket i den lokale socialpolitiske debat og arbejder for at sikre de mest optimale rammer for det frivillige arbejde. Frivilligv\\u00e6rket er uafh\\u00e6ngigt af politiske og religi\\u00f8se interesser, og er ambassad\\u00f8r og st\\u00f8tte for alle akt\\u00f8rer indenfor det frivillige omr\\u00e5de: foreninger, borgere, offentlige og private virksomheder.<\\\/p>\\n\n\n<p><\\\/p>\\n\n\n<h4>\\u00a7 3. Medlemmer og kontingent<\\\/h4>\\n\n\n<p>Som medlemmer kan optages foreninger og organisationer, projekter, klubber, formelle og uformelle netv\\u00e6rk, privatpersoner og private virksomheder, som tilslutter sig Frivilligv\\u00e6rkets form\\u00e5l og virke.<\\\/p>\\n\n\n<p>For at blive medlem skal foreninger, organisationer, projekter, klubber, netv\\u00e6rk, privatpersoner og private virksomheder have aktiviteter i Randers Kommune, og det frivillige engagement skal v\\u00e6re et v\\u00e6sentligt omdrejningspunkt.<\\\/p>\\n\n\n<p>I tvivlssp\\u00f8rgsm\\u00e5l vil den endelige afg\\u00f8relse om medlemskab ligge i bestyrelsen for Frivilligv\\u00e6rket. Ved indmeldelse skal medlemmet udfylde og underskrive en indmeldelsesblanket. Herefter betales kontingent, hvis et s\\u00e5dant er fastsat. Kontingent for medlemskab fasts\\u00e6ttes p\\u00e5 den \\u00e5rlige generalforsamling.<\\\/p>\\n\n\n<p><\\\/p>\\n\n\n<h4>\\u00a7 4. Generalforsamling<\\\/h4>\\n\n\n<p>Foreningens \\u00f8verste myndighed er generalforsamlingen. Repr\\u00e6sentanter for alle foreninger, organisationer, projekter, klubber, formelle og uformelle netv\\u00e6rk og private virksomheder samt privatpersoner, der er medlem af Frivilligv\\u00e6rket, kan deltage i generalforsamlingen.<\\\/p>\\n\n\n<p>P\\u00e5 generalforsamling v\\u00e6lges en bestyrelse p\\u00e5 5-8 personer. Der kan maksimalt v\\u00e6lges to personer fra samme forening til Frivilligv\\u00e6rkets bestyrelse. Det tilstr\\u00e6bes, at bestyrelsen er s\\u00e5 bredt sammensat som muligt. Det tilstr\\u00e6bes derfor, at der h\\u00f8jest er to repr\\u00e6sentanter fra foreninger fra hvert omr\\u00e5de som fx <br \\\/>social-, \\u00e6ldre-, patient-, handicap-, idr\\u00e6ts- og kulturomr\\u00e5det. Privatpersoner, der er medlem af Frivilligv\\u00e6rket Randers, kan ogs\\u00e5 v\\u00e6lges ind i bestyrelsen. \\u00a0<\\\/p>\\n\n\n<p><span style=\\\"text-decoration: line-through;\\\"><\\\/span>Medlemmer af bestyrelsen v\\u00e6lges for to \\u00e5r ad gangen dog s\\u00e5ledes, at 4 er p\\u00e5 valg i ulige \\u00e5r og 4 i lige \\u00e5r.<br \\\/>Der v\\u00e6lges herudover to bestyrelsessuppleanter for et \\u00e5r ad gangen. Hvis der bliver fire eller f\\u00e6rre bestyrelsesmedlemmer, indkaldes til en ekstraordin\\u00e6r generalforsamling med det form\\u00e5l at v\\u00e6lge en ny bestyrelse.<\\\/p>\\n\n\n<p>Ordin\\u00e6r generalforsamling afholdes \\u00e5rligt inden udgangen af april m\\u00e5ned. Generalforsamlingen indkaldes med mindst 4 ugers varsel p\\u00e5 mail indeholdende dagsorden. Bestyrelsen indkalder til og fasts\\u00e6tter dagsorden for generalforsamling.<\\\/p>\\n\n\n<p>Dagsorden for den ordin\\u00e6re generalforsamling skal mindst indeholde f\\u00f8lgende punkter:<\\\/p>\\n\n\n<ol>\\n\n\n<li>Valg af dirigent, referent og stemmet\\u00e6llere<\\\/li>\\n\n\n<li>Godkendelse af fremm\\u00f8dte repr\\u00e6sentanter<\\\/li>\\n\n\n<li>Beretning fra bestyrelse og daglig leder<\\\/li>\\n\n\n<li>Godkendelse af Frivilligv\\u00e6rkets \\u00e5rsregnskab<\\\/li>\\n\n\n<li>Freml\\u00e6ggelse af budget for det kommende \\u00e5r<\\\/li>\\n\n\n<li>Behandling af indkomne forslag<\\\/li>\\n\n\n<li>Fasts\\u00e6ttelse af kontingent<\\\/li>\\n\n\n<li>Valg af repr\\u00e6sentanter til bestyrelsen<\\\/li>\\n\n\n<li>Valg af to suppleanter<\\\/li>\\n\n\n<li>Valg af revisor<\\\/li>\\n\n\n<li>Nye tiltag og ideer<\\\/li>\\n\n\n<li>Eventuelt<\\\/li>\\n<\\\/ol>\\n\n\n<p><br \\\/>Indkomne forslag skal indsendes til bestyrelsen senest 10 dage f\\u00f8r generalforsamling.<\\\/p>\\n\n\n<p>Generalforsamlingen tr\\u00e6ffer sine beslutninger ved simpelt stemmeflertal med mindre andet er bestemt i vedt\\u00e6gterne. Vedt\\u00e6gts\\u00e6ndringer kr\\u00e6ver stemmeflertal p\\u00e5 2\\\/3 af de fremm\\u00f8dte foreningsrepr\\u00e6sentanter. Der kan ikke stemmes ved fuldmagt.<\\\/p>\\n\n\n<p>Kandidater til de ledige bestyrelsespladser opstilles sideordnet p\\u00e5 generalforsamlingen og v\\u00e6lges efter h\\u00f8jeste stemmetal. Ved stemmelighed foretages omvalg.<\\\/p>\\n\n\n<p><\\\/p>\\n\n\n<h4>\\u00a7 5. Ekstraordin\\u00e6r generalforsamling<\\\/h4>\\n\n\n<p>Ekstraordin\\u00e6r generalforsamling kan indkaldes, n\\u00e5r flertallet af bestyrelsen finder det p\\u00e5kr\\u00e6vet, eller n\\u00e5r mindst 1\\\/3 af foreningens medlemmer \\u00f8nsker det og stiller skriftligt krav derom med dagsorden. Ekstraordin\\u00e6r generalforsamling afholdes h\\u00f8jst 6 uger efter beg\\u00e6ringen er fremsat og skal varsles som ordin\\u00e6r generalforsamling.<\\\/p>\\n\n\n<p><\\\/p>\\n\n\n<h4>\\u00a7 6. Bestyrelsen<\\\/h4>\\n\n\n<p>Bestyrelsen har det overordnede ansvar for Frivilligv\\u00e6rkets virke. Bestyrelsen konstituerer sig selv. Bestyrelsen tegnes af forpersonen, n\\u00e6stforpersonen eller daglig leder. Frivilligv\\u00e6rkets daglige leder fungerer som sekret\\u00e6r for bestyrelsen og deltager i bestyrelsesm\\u00f8derne uden stemmeret. Eventuelt \\u00f8vrige ansatte kan deltage i bestyrelsesm\\u00f8derne under relevante punkter.<\\\/p>\\n\n\n<p>Der afholdes minimum 4 m\\u00f8der om \\u00e5ret.<\\\/p>\\n\n\n<p>Bestyrelsen kan v\\u00e6lge at neds\\u00e6tte et forretningsudvalg, der f.eks. best\\u00e5r af forpersonen, n\\u00e6stforpersonen og den daglige leder af Frivilligv\\u00e6rket til at varetage den daglige drift imellem bestyrelsesm\\u00f8der. Bestyrelsen fasts\\u00e6tter egen forretningsorden. Bestyrelsen er beslutningsdygtig, n\\u00e5r mindst halvdelen af bestyrelsesmedlemmerne er til stede p\\u00e5 bestyrelsesm\\u00f8derne, dog skal forpersonen eller n\\u00e6stforpersonen v\\u00e6re i blandt. Ved stemmelighed t\\u00e6ller forpersonens eller den fungerende forpersons stemme dobbelt. Der kan ikke stemmes ved fuldmagt.<\\\/p>\\n\n\n<p><\\\/p>\\n\n\n<h4>\\u00a7 7. Daglig ledelse og udf\\u00f8relse af opgaver<\\\/h4>\\n\n\n<p>Den daglige ledelse af Frivilligv\\u00e6rket varetages af den ansatte leder med ansvar overfor bestyrelsen. De daglige opgaver i Frivilligv\\u00e6rket varetages af de ansatte.<\\\/p>\\n\n\n<p><\\\/p>\\n\n\n<h4>\\u00a7 8. \\u00d8konomi<\\\/h4>\\n\n\n<p>Driften af Frivilligv\\u00e6rket s\\u00f8ges finansieret af Randers Kommune samt af Socialministeriets pulje til grundfinansiering af frivilligcentre.<\\\/p>\\n\n\n<p>Derudover s\\u00f8ges der l\\u00f8bende om midler fra fonde og puljer \\u2013 s\\u00e5vel private som offentlige.<\\\/p>\\n\n\n<p>Bestyrelsen er ansvarlig for, at de \\u00f8konomiske midler, som den har ansvar for, anvendes i overensstemmelse med g\\u00e6ldende regler og vejledninger. Bestyrelsen afl\\u00e6gger regnskab til foreningens medlemmer en gang \\u00e5rligt til generalforsamlingen. Bestyrelsen h\\u00e6fter ikke personligt for foreningens eventuelle g\\u00e6ld.<\\\/p>\\n\n\n<p>Foreningens regnskabs\\u00e5r er kalender\\u00e5ret. Frivilligv\\u00e6rkets \\u00e5rsregnskab skal forsynes med en erkl\\u00e6ring fra en godkendt revisor om opstilling af finansielle oplysninger.<\\\/p>\\n\n\n<p><\\\/p>\\n\n\n<h4>\\u00a7 9. Opl\\u00f8sning<\\\/h4>\\n\n\n<p>Organisationen kan kun opl\\u00f8ses, n\\u00e5r 2\\\/3 af de deltagende foreningsrepr\\u00e6sentanter p\\u00e5 to p\\u00e5 hinanden f\\u00f8lgende ekstraordin\\u00e6re generalforsamlinger stemmer herfor.<\\\/p>\\n\n\n<p>Organisationens eventuelle overskud skal g\\u00e5 til projekter, der ligger op ad organisationens form\\u00e5l, efter generalforsamlingens beslutning, eller tilbagebetales til bevillingsgivere, hvis det er n\\u00e6vnt i bevillingsskrivelse.<\\\/p>\\n\n\n<p><\\\/p>\",\"content_column_breakpoint\":\"m\",\"icon_width\":80,\"image_align\":\"top\",\"image_grid_breakpoint\":\"m\",\"image_grid_width\":\"1-2\",\"image_svg_color\":\"emphasis\",\"link_style\":\"default\",\"link_text\":\"Read more\",\"margin\":\"default\",\"meta_align\":\"below-title\",\"meta_element\":\"div\",\"meta_style\":\"text-meta\",\"title\":\"Vedt\\u00e6gter\",\"title_align\":\"top\",\"title_element\":\"h3\",\"title_grid_breakpoint\":\"m\",\"title_grid_width\":\"1-2\",\"title_hover_style\":\"reset\"}}]}]}]}],\"version\":\"4.5.10\"} --><\/p>\n","protected":false},"excerpt":{"rendered":"<p>Vedt\u00e6gter Foreningen Frivilligv\u00e6rket Randers er stiftet den 15. november 2010. Frivilligv\u00e6rkets vedt\u00e6gterne er senest opdateret p\u00e5 generalforsamlingen den 9. april 2025. \u00a7 1. Navn og hjemsted Foreningens navn er Frivilligv\u00e6rket Randers. Foreningens hjemsted er Randers Kommune. \u00a7 2. Form\u00e5l Frivilligv\u00e6rket er en forening, som har til form\u00e5l at udvikle, st\u00f8tte, r\u00e5dgive og synligg\u00f8re det frivillige [&hellip;]<\/p>\n","protected":false},"author":3,"featured_media":0,"parent":0,"menu_order":0,"comment_status":"closed","ping_status":"closed","template":"","meta":{"footnotes":""},"class_list":["post-514","page","type-page","status-publish","hentry"],"_links":{"self":[{"href":"https:\/\/frivilligvaerket.dk\/index.php\/wp-json\/wp\/v2\/pages\/514","targetHints":{"allow":["GET"]}}],"collection":[{"href":"https:\/\/frivilligvaerket.dk\/index.php\/wp-json\/wp\/v2\/pages"}],"about":[{"href":"https:\/\/frivilligvaerket.dk\/index.php\/wp-json\/wp\/v2\/types\/page"}],"author":[{"embeddable":true,"href":"https:\/\/frivilligvaerket.dk\/index.php\/wp-json\/wp\/v2\/users\/3"}],"replies":[{"embeddable":true,"href":"https:\/\/frivilligvaerket.dk\/index.php\/wp-json\/wp\/v2\/comments?post=514"}],"version-history":[{"count":13,"href":"https:\/\/frivilligvaerket.dk\/index.php\/wp-json\/wp\/v2\/pages\/514\/revisions"}],"predecessor-version":[{"id":705,"href":"https:\/\/frivilligvaerket.dk\/index.php\/wp-json\/wp\/v2\/pages\/514\/revisions\/705"}],"wp:attachment":[{"href":"https:\/\/frivilligvaerket.dk\/index.php\/wp-json\/wp\/v2\/media?parent=514"}],"curies":[{"name":"wp","href":"https:\/\/api.w.org\/{rel}","templated":true}]}}